322. Is f(45) prime?
True
Suppose 9*f + 881296 = 61*f. Suppose -13*i = -133935 + f. Is i prime?
True
Let p = -246035 - -346494. Is p prime?
True
Suppose 0 = 5*u + 15, 5*y + 62891 = -4*u + 13669. Let l = -5493 - y. Is l prime?
True
Let w(n) = -13*n. Let c be w(-4). Suppose -l - c = 195. Let b = 669 + l. Is b composite?
True
Suppose -16 = -134*p + 130*p. Suppose 0*c - 2*l = c - 568, 2284 = p*c + 2*l. Let g = -381 + c. Is g composite?
False
Suppose -20277 = -38*l + 42689. Is l a prime number?
True
Let u(x) = 2*x**2 - 34*x + 41. Let d(t) = -3*t**3 - 2*t**2 - 7*t - 3. Let c be d(-2). Is u(c) a prime number?
False
Let a(q) = -26*q + 56. Let g = 113 + -128. Is a(g) a composite number?
True
Let t(j) = 3*j**2 - 15*j + 6. Let h be t(5). Suppose -2020 = h*c + 98. Let u = 906 - c. Is u prime?
True
Suppose 737*r = 750*r - 3914599. Is r a composite number?
False
Let p(u) = -5*u**2 + 9*u + 17*u**2 - 33 - 8*u**2 + 5*u**2. Is p(-6) composite?
True
Let k(c) = 3*c + 31. Let p be k(-10). Is ((-50)/(-8) + p/4)*554 a prime number?
False
Let o = -370 - -372. Suppose -27878 = -2*u - 3*i, i = -2 - o. Is u a prime number?
False
Suppose 4*d - 3*d = -4*o + 560517, 4*d = -4*o + 560520. Is o a prime number?
False
Is 25/(-15)*(-52820 - 7) prime?
False
Let w(z) = -z - 6. Let l be w(-7). Suppose t - l - 4 = 0. Suppose -2 = -j, -4026 = -5*b - t*j + 3179. Is b prime?
True
Let d be 54/(9*(-1)/6). Is 2*(-5)/(-45) + (-518212)/d composite?
True
Suppose 220 = -5*o - 880. Let j be (o/(-50))/((-2)/(-65)). Let i = 80 + j. Is i composite?
False
Suppose 48915 = a - 5*j, j + 4 = 2. Is a composite?
True
Suppose 5*d - 5*v - 1960 = 0, v = -5*d + 2951 - 967. Suppose -228 = 13*f + d. Is -6*(-254)/3*(-36)/f composite?
True
Let t(c) = -101*c**3 + 2*c**2 - 11*c - 19. Suppose 207 = -38*u + 55. Is t(u) a prime number?
True
Let z = 33020 - -194643. Is z composite?
False
Let v(m) = -10*m**3 - 16*m**2 + 20*m + 63. Suppose -160 = 39*s - 29*s. Is v(s) composite?
False
Let f(i) = 2*i + 4. Let m be f(-2). Suppose -4*v + 4*z + 216 = m, -4*v + 3*v - z = -48. Let t = 4 + v. Is t a composite number?
True
Suppose -12278373 + 74748213 = 23*v. Is v/320 + (-10)/(-8) composite?
True
Suppose -4*m + 2*i + 716722 = -135226, -m - 3*i + 213001 = 0. Is m a prime number?
False
Suppose 3*l = -0*l - 4*f + 60751, f = -4*l + 81023. Is l composite?
True
Let m(x) = -x**3 - 4*x - 2. Let c be m(0). Is ((-20)/(-40))/(c/(-6772)) prime?
True
Let a(q) = 119*q**3 + q**2 - 7*q - 4. Let m be a(4). Suppose o - m = -4*o. Let x = 2671 - o. Is x a composite number?
False
Let r(w) = -100939*w + 905. Is r(-6) composite?
False
Let b be (17 - 2) + 0*(-3)/(-12). Suppose -5*d + b = -0, 3*d + 207 = 4*q. Is 87*(2/(-9) - (-534)/q) prime?
False
Let i(r) = -r**3 + 4*r**2 + 15*r - 9. Let q be i(6). Let k(u) = -4*u**3 + 5*u**3 - q*u**2 + 6*u - 9 + 4. Is k(12) composite?
False
Suppose 28117 = 5*h - 2*m, 0 = 3*h - 5*m - 15795 - 1079. Is h a composite number?
False
Let x(r) = r**3 + 10*r**2 - 11*r. Let k be x(-11). Suppose 4*m + 469 = w, 3*m + 464 = w - k*m. Is w a prime number?
True
Let o(u) be the first derivative of -u**4/4 + u**3/3 - 5*u**2/2 - 17*u + 1. Let w be 3*(9/((-27)/6))/((-11)/(-11)). Is o(w) composite?
True
Suppose -6*m - 428440 = -26*m. Suppose 2*x + 9 = 17. Suppose 0 = 5*o + x*v - m, 2*o + 0*o - 2*v = 8576. Is o prime?
False
Suppose -u + 2*u - 3*n = -14, n = u + 4. Let q(j) = 12 + 8*j**2 + 0*j + 5*j + u - 6*j. Is q(14) a composite number?
False
Let k(c) = -13*c + 505 + 778 + 9*c. Is k(0) composite?
False
Let l = 288276 - 122213. Is l a prime number?
True
Let s(h) = 3*h + 82. Let j be s(-15). Let b be (0 - 3/6)*0. Let f = j + b. Is f a prime number?
True
Let j = -411 - -180. Let u = -40 - j. Is u a prime number?
True
Let d = 233568 + -125615. Is d composite?
True
Suppose 0*g = -g. Suppose 0 = -18*h + 12*h + 150. Suppose h*t - 22*t - 2361 = g. Is t prime?
True
Suppose -1649*h + 1645*h - 186241 = -i, -4*i + 3*h + 744860 = 0. Is i a composite number?
True
Suppose -131*n + 211*n - 3585440 = 0. Is n a composite number?
True
Suppose j + 2*m - 12 = 0, -2*m + 13 + 3 = 2*j. Suppose w - j = -3*w. Is ((-4548)/(-24))/(w/2) prime?
True
Let p(f) = 193*f**2 + 9*f + 7. Suppose -4*t = 4*w + 15 + 5, 3*t = -4*w - 19. Is p(t) a composite number?
False
Is 11560/306 - 38 - 139918/(-18) prime?
False
Let y = -19 + 19. Let z(p) = 2*p**2 + p + 99. Let g be z(y). Let u = g + 732. Is u a composite number?
True
Let f = 223 - 223. Suppose 0 = 4*n + 4*j - 7788, 3*n = -f*n + 2*j + 5816. Is n a composite number?
True
Let o(b) = b**3 + 9*b**2 - 9*b + 13. Let v be o(-10). Suppose -5 = -4*i + v*i. Suppose -32270 = i*s - 15*s. Is s prime?
False
Is (1 - (-12 + 6)) + (9708 - -4) prime?
True
Is ((-3)/(-15) + (-96)/(-120))/((-2)/(-303034)) a composite number?
False
Suppose 186*p - 49370370 = -100*p + 43217840. Is p prime?
False
Suppose 143*m + 131*m + 7216435 = 19232157. Is m prime?
True
Let y(k) = 14*k**2 + 9*k + 20. Let q be (195/(-30))/(2/(-4)). Is y(q) a composite number?
False
Let z(t) = -3*t**2 - 4*t - 13. Let s be z(13). Is (s/22)/(4/(-2426)) a prime number?
False
Suppose -6*l = -2*l + l. Suppose 3*p + l*p - 33533 = -5*a, -a - 5*p = -6689. Is a a composite number?
False
Let g = 4883 - 7030. Let l = -1294 - g. Is l a composite number?
False
Let z = 841502 - 445921. Is z prime?
True
Suppose 38*x - 60 = 92. Suppose -3*t + 2 = 11, -10811 = -x*g - 3*t. Is g prime?
False
Suppose 577277 = 14*s - 76845. Is s a prime number?
True
Let k be (-20 - -16) + 0 + 1. Let y be 0/(4 - 5 - k). Suppose y = c - 108 - 79. Is c prime?
False
Let v = -3786 - -3786. Let f(n) = 3*n**3 + 4*n**2 + 2*n - 149. Let o(g) = 5*g**3 + 7*g**2 + 3*g - 298. Let d(s) = 7*f(s) - 4*o(s). Is d(v) a prime number?
True
Let u(x) = 1062*x**2 + 20*x + 201. Is u(-8) composite?
True
Let r = 896945 - 579116. Is r a composite number?
True
Let v(y) be the second derivative of y**6/360 - y**5/30 + y**4/3 + 10*y**3/3 + 27*y. Let p(g) be the second derivative of v(g). Is p(-5) a composite number?
False
Suppose -1597*p = -1697*p + 27302900. Is p composite?
False
Let y(h) = -3*h**3 - 14*h**2 + 2*h + 4. Let l be y(-5). Suppose -b = 41 - 239. Let c = b - l. Is c a composite number?
False
Let a(w) = w**3 + 2*w**2 + w. Let i be a(-1). Suppose -3*y + 4*l - 90 = i, -49 = y + y + l. Is 4/y - 148380/(-156) a prime number?
False
Let v(j) be the first derivative of 25*j**4/8 - 31*j**3/6 - j**2 + 4. Let q(m) be the second derivative of v(m). Is q(18) a composite number?
False
Let b = 40962 + -28352. Let g = b + -4836. Suppose -5*r + 1341 + g = 0. Is r a composite number?
False
Let j = 1729926 - 981733. Is j composite?
True
Suppose 9*s - 15*s = -30. Suppose s*i = 2*w, 4*i + w = -0*i + 13. Is (15324/32 - i/(-16))/1 prime?
True
Suppose 9*p - 11*p + 95666 = 0. Suppose -4*j - a = -47835, -p = -14*j + 10*j - 3*a. Is j a composite number?
False
Let i(d) = 2*d**3 - 6*d**2 - d + 88. Is i(39) composite?
True
Let j = 1001 + 5994. Is j a prime number?
False
Suppose -9*p + 58 = 22. Suppose 0 = s - p*s - 5*n + 18, 4*n + 18 = 3*s. Suppose -5*h = -3*h - s, 5*v - 4207 = -4*h. Is v a composite number?
False
Is (-1)/(2*(-1 - 20627469/(-20627478)))*1 composite?
False
Let z = 118298 + -18477. Is z a prime number?
False
Let f be 2 + (-62 - (4/2 - 1)). Let d = f + 63. Is 5546/d + 4/1 a composite number?
False
Suppose -3*x - 8238 = -960. Let i = -5607 + 2170. Let a = x - i. Is a composite?
True
Let a = 22 - 22. Suppose a = 6*o - 80038 + 29524. Is o composite?
False
Suppose -40*m + 1510735 = -733545. Is m a composite number?
True
Suppose -27068 = -r + 3*h, -4*r = -r + 4*h - 81139. Let v = r - 14376. Is v composite?
True
Let b(k) = -2*k**3 - 8*k + 16. Let q be b(9). Let j(g) = -2*g**3 + g**2 - g + 3. Let l be j(-2). Is l/(-70)*q - 2/(-7) composite?
False
Suppose -25*l + 24*l = 3*p - 303, 4*p = -l + 405. Suppose -5*o = 2*x + 26, 2*x + 10 = -4*o + 4*x. Is (94/(-9))/(o/p)*3 a prime number?
False
Let v(q) = -q + 7. Let x be v(0). Suppose 0 = 2*w - 2*k - 2*k + 26, 3*k + 5 = -2*w. Is (-9531)/w + (-4)/x a prime number?
True
Let s = 565769 + -348052. Is s composite?
False
Let m(n) = 1753*n**2 - 3*n - 15. Let o = 587 - 589. Is m(o) prime?
False
Let k(z) = -3609*z + 1079. Is k(-6) prime?
False
Let a = 607625 - -1042949. Is a a composite number?
True
Is 17*(-2521539)/(-135)